09127 a composite number?
False
Is 744266109 prime?
False
Is 178118474041 composite?
True
Is 943011791 prime?
True
Is 2887319069 a prime number?
True
Is 359765347 a prime number?
True
Is 7134780827 prime?
True
Is 1054743787 a prime number?
True
Is 134293933093 a composite number?
True
Is 8021339603 prime?
False
Is 38022787309 a prime number?
False
Is 1067354081 a composite number?
True
Is 10305748253 composite?
True
Is 7212892597 a prime number?
False
Is 1301811649 composite?
False
Is 1767916517 a prime number?
False
Is 76250241295 prime?
False
Is 42884905379 a prime number?
True
Is 2383113451 composite?
False
Is 27655445089 a prime number?
True
Is 3644292121 a prime number?
True
Is 26433065093 a prime number?
False
Is 477616881371 composite?
True
Is 22194983903 prime?
True
Is 2183147767 composite?
False
Is 15313598669 a composite number?
False
Is 36953101495 a prime number?
False
Is 14546054459 a composite number?
True
Is 2038973407 composite?
False
Is 31627494907 composite?
False
Is 5541247349 a composite number?
True
Is 10269000741 a composite number?
True
Is 6269988259 composite?
True
Is 71653980539 a prime number?
True
Is 9717608167 composite?
False
Is 3867767989 a composite number?
False
Is 230543574217 a composite number?
True
Is 89323595555 a composite number?
True
Is 38123983 a prime number?
True
Is 139735279273 a composite number?
False
Is 2059705721 a prime number?
True
Is 829479467 composite?
True
Is 7549841183 a composite number?
True
Is 1765115731 a prime number?
False
Is 10089731009 prime?
False
Is 8517786283 a prime number?
True
Is 15830473 a prime number?
True
Is 115989169 a composite number?
False
Is 1602629861 prime?
False
Is 537672823 composite?
False
Is 53488373479 composite?
False
Is 4976342711 a prime number?
True
Is 77540674979 prime?
False
Is 918703 a composite number?
True
Is 373537391 composite?
False
Is 4593994421 a composite number?
False
Is 13176634181 a prime number?
False
Is 42995317 prime?
True
Is 7234344521 a composite number?
False
Is 99230649601 prime?
True
Is 729031441 a composite number?
True
Is 74146880807 a composite number?
True
Is 9605660801 composite?
True
Is 8034774373 a prime number?
True
Is 1497739757 a prime number?
False
Is 2709318239 a composite number?
True
Is 38813105951 a composite number?
False
Is 52546193281 prime?
False
Is 7100711563 a prime number?
False
Is 8300389 a prime number?
True
Is 1117741657 composite?
True
Is 25461968209 prime?
False
Is 66186023303 composite?
False
Is 101267527 prime?
True
Is 2237545417 a composite number?
False
Is 4237580351 composite?
False
Is 18652267622 composite?
True
Is 127420789 prime?
False
Is 529800941 a prime number?
False
Is 4182088223 a prime number?
True
Is 7052855111 composite?
True
Is 658973209 prime?
True
Is 48980779615 prime?
False
Is 88546287307 composite?
True
Is 6514000189 a prime number?
True
Is 7380186947 composite?
True
Is 882806381 a prime number?
False
Is 1484331529 prime?
True
Is 16703710799 a composite number?
False
Is 73721269 composite?
False
Is 3062303057 a prime number?
False
Is 314965051 a prime number?
True
Is 60532489 composite?
False
Is 564612121 prime?
False
Is 1535687171 prime?
True
Is 43629767578 prime?
False
Is 972458759 prime?
True
Is 56504078413 prime?
False
Is 18340557385 a composite number?
True
Is 5990481641 prime?
False
Is 8425651159 composite?
True
Is 58540165651 prime?
False
Is 23529770219 a prime number?
False
Is 4358142143 a prime number?
False
Is 78642973 prime?
False
Is 41655990703 a prime number?
True
Is 2446392155 prime?
False
Is 24245510017 prime?
True
Is 4173079289 a prime number?
True
Is 310278923 a composite number?
True
Is 3613259977 prime?
True
Is 1179146051 a prime number?
True
Is 2729969131 prime?
False
Is 68661409 a composite number?
True
Is 133824653 prime?
True
Is 143810071 a composite number?
False
Is 1023920809 a prime number?
False
Is 104175971917 prime?
True
Is 1306579049 a composite number?
False
Is 300530939 a prime number?
True
Is 8837231723 composite?
False
Is 5674865813 prime?
True
Is 25900698821 a prime number?
True
Is 80058860905 prime?
False
Is 105892613 a composite number?
True
Is 14430269801 a prime number?
True
Is 42254641673 prime?
False
Is 2511422605 prime?
False
Is 1305549061 a prime number?
True
Is 640891081 a composite number?
False
Is 53807903911 a prime number?
False
Is 712411331 prime?
False
Is 6053257603 prime?
True
Is 70844961329 composite?
True
Is 67287501895 a prime number?
False
Is 285113466463 composite?
True
Is 673419731 prime?
False
Is 11364770237 composite?
False
Is 562496617 composite?
True
Is 172386540793 prime?
False
Is 608517143 composite?
True
Is 11222719033 prime?
False
Is 11851372307 composite?
True
Is 458982647 composite?
True
Is 6007842557 a composite number?
False
Is 10243466621 prime?
False
Is 680574529 prime?
True
Is 1473598673 a prime number?
True
Is 3697854907 composite?
True
Is 287679054191 a composite number?
False
Is 10708482814 a composite number?
True
Is 132216737 composite?
False
Is 40532804839 composite?
False
Is 621158347 composite?
True
Is 26701961269 prime?
False
Is 13018911677 a prime number?
False
Is 39068050843 prime?
False
Is 846456187 a prime number?
False
Is 295468499 composite?
True
Is 84369337 a composite number?
True
Is 12715609471 prime?
False
Is 2536502531 composite?
False
Is 467891761 prime?
False
Is 5375099353 a composite number?
True
Is 201953685431 a prime number?
True
Is 1471711411 composite?
True
Is 341161409 composite?
False
Is 2902589461 prime?
True
Is 4165160513 a composite number?
True
Is 30724074889 prime?
False
Is 154100906083 prime?
False
Is 1670291641 a composite number?
True
Is 30300084715 composite?
True
Is 60982809 composite?
True
Is 15395323591 a prime number?
False
Is 6742124861 composite?
False
Is 18696240509 a prime number?
False
Is 191151097 a prime number?
False
Is 76253713 a prime number?
False
Is 106689109 composite?
True
Is 6073360513 prime?
False
Is 42684804073 a prime number?
False
Is 3659527786 a composite number?
True
Is 22912748239 composite?
True
Is 118729747 a prime number?
False
Is 9180443 composite?
True
Is 1036296769 prime?
False
Is 4535874201 a composite number?
True
Is 13914406609 a composite number?
False
Is 24362206811 prime?
False
Is 20897725099 a prime number?
False
Is 2155453649 prime?
False
Is 6528313373 composite?
False
Is 329446151 a prime number?
False
Is 22339782803 a composite number?
True
Is 2794603249 composite?
True
Is 119031761 composite?
False
Is 834208651 a composite number?
False
Is 5183679463 a composite number?
True
Is 1947078559 a composite number?
False
Is 112803757 composite?
True
Is 664997161 composite?
False
Is 140528777 composite?
False
Is 3391331327 a prime number?
True
Is 2080049479 a prime number?
True
Is 9857600911 a composite number?
False
Is 59434578569 a prime number?
True
Is 33438704953 prime?
False
Is 729691231 a composite number?
False
Is 359912827 a composite number?
False
Is 13740210987 composite?
True
Is 226370869 prime?
True
Is 8338432189 composite?
False
Is 3293117963 prime?
True
Is 506107001 prime?
True
Is 284088613253 prime?
True
Is 28228957963 composite?
True
Is 945309301 a composite number?
True
Is 9132072423 composite?
True
Is 4267023169 a prime number?
False
Is 16230257627 prime?
True
Is 4156434371 prime?
False
Is 59746725713 a composite number?
False
Is 4930698121 a prime number?
True
Is 1502350519 a prime number?
True
Is 2790859139 a prime number?
False
Is 861233231 prime?
True
Is 2153784463 a prime number?
False
Is 29767287811 prime?
False
Is 30043799429 composite?
True
Is 1006294589 composite?
True
Is 301298461 composite?
True
Is 64245168077 composite?
False
Is 1210962329 a composite number?
False
Is 365384419 composite?
False
Is 14935380431 composite?
False
Is 1616943971 composite?
False
Is 244458083 a prime number?
True
Is 421865201 a prime number?
True
Is 37606133 a prime number?
False
Is 188555811943 a composite number?
True
Is 11949461233 a prime number?
False
Is 10030933985 a composite number?
True
Is 403999571 prime?
False
Is 55687603 prime?
False
Is 3539927879 composite?
False
Is 2183399971 composite?
False
Is 3134969887 a prime number?
False
Is 3491019671 composite?
True
Is 381386669 prime?
True
Is 12916845385 prime?
False
Is 7575769